{"id":1079,"date":"2025-04-09T16:28:06","date_gmt":"2025-04-09T22:28:06","guid":{"rendered":"https:\/\/garage-doormax.com\/?post_type=product&#038;p=1079"},"modified":"2025-04-09T18:12:41","modified_gmt":"2025-04-10T00:12:41","slug":"clasico","status":"publish","type":"product","link":"https:\/\/garage-doormax.com\/?product=clasico&lang=es","title":{"rendered":"Cl\u00e1sico"},"content":{"rendered":"","protected":false},"excerpt":{"rendered":"<p>Los dise\u00f1os tradicionales de puertas de garaje combinan la belleza cl\u00e1sica con distintos niveles de eficiencia energ\u00e9tica. A\u00f1ada ventanas para que entre luz natural en su garaje y combine con otros elementos de dise\u00f1o de su hogar.<\/p>\n<p>Tipo: Puerta de garaje seccional de aluminio<br \/>\nMaterial: Aluminio<br \/>\nDimensiones: 3 mt. -6 mt.<br \/>\nAplicaciones: Garaje residencial<\/p>\n","protected":false},"featured_media":527,"comment_status":"closed","ping_status":"closed","template":"","meta":[],"product_cat":[39,47],"product_tag":[],"class_list":{"0":"post-1079","1":"product","2":"type-product","3":"status-publish","4":"has-post-thumbnail","6":"product_cat-portones-residenciales-es","7":"product_cat-seccional-es","9":"first","10":"instock","11":"shipping-taxable","12":"product-type-simple"},"_links":{"self":[{"href":"https:\/\/garage-doormax.com\/index.php?rest_route=\/wp\/v2\/product\/1079"}],"collection":[{"href":"https:\/\/garage-doormax.com\/index.php?rest_route=\/wp\/v2\/product"}],"about":[{"href":"https:\/\/garage-doormax.com\/index.php?rest_route=\/wp\/v2\/types\/product"}],"replies":[{"embeddable":true,"href":"https:\/\/garage-doormax.com\/index.php?rest_route=%2Fwp%2Fv2%2Fcomments&post=1079"}],"wp:featuredmedia":[{"embeddable":true,"href":"https:\/\/garage-doormax.com\/index.php?rest_route=\/wp\/v2\/media\/527"}],"wp:attachment":[{"href":"https:\/\/garage-doormax.com\/index.php?rest_route=%2Fwp%2Fv2%2Fmedia&parent=1079"}],"wp:term":[{"taxonomy":"product_cat","embeddable":true,"href":"https:\/\/garage-doormax.com\/index.php?rest_route=%2Fwp%2Fv2%2Fproduct_cat&post=1079"},{"taxonomy":"product_tag","embeddable":true,"href":"https:\/\/garage-doormax.com\/index.php?rest_route=%2Fwp%2Fv2%2Fproduct_tag&post=1079"}],"curies":[{"name":"wp","href":"https:\/\/api.w.org\/{rel}","templated":true}]}}