{"id":1232,"date":"2025-04-11T10:18:57","date_gmt":"2025-04-11T16:18:57","guid":{"rendered":"https:\/\/garage-doormax.com\/?post_type=product&#038;p=1232"},"modified":"2025-04-11T11:24:23","modified_gmt":"2025-04-11T17:24:23","slug":"resorte-de-torsion","status":"publish","type":"product","link":"https:\/\/garage-doormax.com\/?product=resorte-de-torsion&lang=es","title":{"rendered":"Resorte de Torsi\u00f3n"},"content":{"rendered":"","protected":false},"excerpt":{"rendered":"<p>Este resorte de torsi\u00f3n est\u00e1 fabricado en acero e incluye un cono fijo y un cono de enrollamiento unidos a los extremos opuestos del resorte. Este tipo de resortes de torsi\u00f3n proporcionan fuerza de elevaci\u00f3n para puertas de garaje pesadas y deben seleccionarse en funci\u00f3n de las dimensiones del resorte, en lugar del peso de la puerta.<\/p>\n","protected":false},"featured_media":1233,"comment_status":"closed","ping_status":"closed","template":"","meta":[],"product_cat":[44,45],"product_tag":[],"class_list":{"0":"post-1232","1":"product","2":"type-product","3":"status-publish","4":"has-post-thumbnail","6":"product_cat-herrajes-es","7":"product_cat-herrajes-torsion-es","9":"first","10":"instock","11":"shipping-taxable","12":"product-type-simple"},"_links":{"self":[{"href":"https:\/\/garage-doormax.com\/index.php?rest_route=\/wp\/v2\/product\/1232"}],"collection":[{"href":"https:\/\/garage-doormax.com\/index.php?rest_route=\/wp\/v2\/product"}],"about":[{"href":"https:\/\/garage-doormax.com\/index.php?rest_route=\/wp\/v2\/types\/product"}],"replies":[{"embeddable":true,"href":"https:\/\/garage-doormax.com\/index.php?rest_route=%2Fwp%2Fv2%2Fcomments&post=1232"}],"wp:featuredmedia":[{"embeddable":true,"href":"https:\/\/garage-doormax.com\/index.php?rest_route=\/wp\/v2\/media\/1233"}],"wp:attachment":[{"href":"https:\/\/garage-doormax.com\/index.php?rest_route=%2Fwp%2Fv2%2Fmedia&parent=1232"}],"wp:term":[{"taxonomy":"product_cat","embeddable":true,"href":"https:\/\/garage-doormax.com\/index.php?rest_route=%2Fwp%2Fv2%2Fproduct_cat&post=1232"},{"taxonomy":"product_tag","embeddable":true,"href":"https:\/\/garage-doormax.com\/index.php?rest_route=%2Fwp%2Fv2%2Fproduct_tag&post=1232"}],"curies":[{"name":"wp","href":"https:\/\/api.w.org\/{rel}","templated":true}]}}